{"id":10,"date":"2026-03-21T04:20:41","date_gmt":"2026-03-21T04:20:41","guid":{"rendered":"https:\/\/hungphatfurniture.vn\/cart\/"},"modified":"2026-03-25T10:03:13","modified_gmt":"2026-03-25T03:03:13","slug":"cart","status":"publish","type":"page","link":"https:\/\/hungphatfurniture.vn\/?page_id=10","title":{"rendered":"Cart"},"content":{"rendered":"\n<div data-block-name=\"woocommerce\/cart\" class=\"wp-block-woocommerce-cart alignwide is-loading\">\n<div data-block-name=\"woocommerce\/filled-cart-block\" class=\"wp-block-woocommerce-filled-cart-block\">\n<div data-block-name=\"woocommerce\/cart-items-block\" class=\"wp-block-woocommerce-cart-items-block\">\n<div data-block-name=\"woocommerce\/cart-line-items-block\" class=\"wp-block-woocommerce-cart-line-items-block\"><\/div>\n\n\n<\/div>\n\n\n\n\n<div data-block-name=\"woocommerce\/cart-totals-block\" class=\"wp-block-woocommerce-cart-totals-block\">\n<div data-block-name=\"woocommerce\/cart-order-summary-block\" class=\"wp-block-woocommerce-cart-order-summary-block\">\n<div data-block-name=\"woocommerce\/cart-order-summary-heading-block\" class=\"wp-block-woocommerce-cart-order-summary-heading-block\"><\/div><div data-block-name=\"woocommerce\/cart-order-summary-coupon-form-block\" class=\"wp-block-woocommerce-cart-order-summary-coupon-form-block\"><\/div><div data-block-name=\"woocommerce\/cart-order-summary-totals-block\" class=\"wp-block-woocommerce-cart-order-summary-totals-block\">\n<div data-block-name=\"woocommerce\/cart-order-summary-subtotal-block\" class=\"wp-block-woocommerce-cart-order-summary-subtotal-block\"><\/div>\n<div data-block-name=\"woocommerce\/cart-order-summary-discount-block\" class=\"wp-block-woocommerce-cart-order-summary-discount-block\"><\/div>\n<div data-block-name=\"woocommerce\/cart-order-summary-fee-block\" class=\"wp-block-woocommerce-cart-order-summary-fee-block\"><\/div>\n<div data-block-name=\"woocommerce\/cart-order-summary-shipping-block\" class=\"wp-block-woocommerce-cart-order-summary-shipping-block\"><\/div>\n<div data-block-name=\"woocommerce\/cart-order-summary-taxes-block\" class=\"wp-block-woocommerce-cart-order-summary-taxes-block\"><\/div><\/div>\n<\/div>\n\n\n\n<div data-block-name=\"woocommerce\/cart-express-payment-block\" class=\"wp-block-woocommerce-cart-express-payment-block\"><\/div>\n\n\n\n<div data-block-name=\"woocommerce\/proceed-to-checkout-block\" class=\"wp-block-woocommerce-proceed-to-checkout-block\"><\/div>\n\n\n\n<div data-block-name=\"woocommerce\/cart-accepted-payment-methods-block\" class=\"wp-block-woocommerce-cart-accepted-payment-methods-block\"><\/div>\n<\/div>\n<\/div>\n\n\n\n<div data-block-name=\"woocommerce\/empty-cart-block\" class=\"wp-block-woocommerce-empty-cart-block\">\n<h2 class=\"wp-block-heading has-text-align-center with-empty-cart-icon wc-block-cart__empty-cart__title\">Your cart is currently empty!<\/h2>\n\n\n\n<hr class=\"wp-block-separator has-alpha-channel-opacity is-style-dots\"\/>\n\n\n\n<h2 class=\"wp-block-heading has-text-align-center\">New in store<\/h2>\n\n\n<div data-block-name=\"woocommerce\/product-new\" data-columns=\"4\" data-rows=\"1\" class=\"wc-block-grid wp-block-product-new wp-block-woocommerce-product-new wc-block-product-new has-4-columns\"><ul class=\"wc-block-grid__products\"><li class=\"wc-block-grid__product\">\n\t\t\t\t<a href=\"https:\/\/hungphatfurniture.vn\/?product=tu-quan-ao-hien-dai-ms002\" class=\"wc-block-grid__product-link\">\n\t\t\t\t\t<div class=\"wc-block-grid__product-onsale\">\n\t\t\t<span aria-hidden=\"true\">Khuy\u1ebfn m\u1ea1i<\/span>\n\t\t\t<span class=\"screen-reader-text\">S\u1ea3n ph\u1ea9m \u0111ang gi\u1ea3m gi\u00e1<\/span>\n\t\t<\/div>\n\t\t\t\t\t<div class=\"wc-block-grid__product-image\"><img fetchpriority=\"high\" decoding=\"async\" width=\"300\" height=\"300\" src=\"https:\/\/hungphatfurniture.vn\/wp-content\/uploads\/2025\/04\/z7649921164238_6e44c187ab9644e1c6a54a3a363ad18f-300x300.jpg\" class=\"attachment-woocommerce_thumbnail size-woocommerce_thumbnail\" alt=\"T\u1ee7 Qu\u1ea7n \u00c1o Hi\u1ec7n \u0110\u1ea1i MS002\" srcset=\"https:\/\/hungphatfurniture.vn\/wp-content\/uploads\/2025\/04\/z7649921164238_6e44c187ab9644e1c6a54a3a363ad18f-300x300.jpg 300w, https:\/\/hungphatfurniture.vn\/wp-content\/uploads\/2025\/04\/z7649921164238_6e44c187ab9644e1c6a54a3a363ad18f-150x150.jpg 150w, https:\/\/hungphatfurniture.vn\/wp-content\/uploads\/2025\/04\/z7649921164238_6e44c187ab9644e1c6a54a3a363ad18f-266x266.jpg 266w, https:\/\/hungphatfurniture.vn\/wp-content\/uploads\/2025\/04\/z7649921164238_6e44c187ab9644e1c6a54a3a363ad18f-600x600.jpg 600w, https:\/\/hungphatfurniture.vn\/wp-content\/uploads\/2025\/04\/z7649921164238_6e44c187ab9644e1c6a54a3a363ad18f-70x70.jpg 70w, https:\/\/hungphatfurniture.vn\/wp-content\/uploads\/2025\/04\/z7649921164238_6e44c187ab9644e1c6a54a3a363ad18f-180x180.jpg 180w\" sizes=\"(max-width: 300px) 100vw, 300px\" \/><\/div>\n\t\t\t\t\t<div class=\"wc-block-grid__product-title\">T\u1ee7 Qu\u1ea7n \u00c1o Hi\u1ec7n \u0110\u1ea1i MS002<\/div>\n\t\t\t\t<\/a>\n\t\t\t\t<div class=\"wc-block-grid__product-price price\"><div class=\"product-price price \"><del aria-hidden=\"true\"><span class=\"woocommerce-Price-amount amount\"><span class=\"woocommerce-Price-currencySymbol\">&#8363;<\/span>260,000.00<\/span><\/del> <span class=\"screen-reader-text\">Gi\u00e1 g\u1ed1c l\u00e0: &#8363;260,000.00.<\/span><ins aria-hidden=\"true\"><span class=\"woocommerce-Price-amount amount\"><span class=\"woocommerce-Price-currencySymbol\">&#8363;<\/span>245,000.00<\/span><\/ins><span class=\"screen-reader-text\">Gi\u00e1 hi\u1ec7n t\u1ea1i l\u00e0: &#8363;245,000.00.<\/span><\/div><\/div>\n\t\t\t\t\n\t\t\t\t<div class=\"wp-block-button wc-block-grid__product-add-to-cart\"><a href=\"\/index.php?rest_route=%2Fwp%2Fv2%2Fpages%2F10&#038;add-to-cart=23238\" aria-label=\"Th\u00eam v\u00e0o gi\u1ecf h\u00e0ng: &ldquo;T\u1ee7 Qu\u1ea7n \u00c1o Hi\u1ec7n \u0110\u1ea1i MS002&rdquo;\" data-quantity=\"1\" data-product_id=\"23238\" data-product_sku=\"PRO-10-4\" data-price=\"245000\" rel=\"nofollow\" class=\"wp-block-button__link  add_to_cart_button ajax_add_to_cart\">Th\u00eam v\u00e0o gi\u1ecf h\u00e0ng<\/a><\/div>\n\t\t\t\t<a\r\n\t\thref=\"https:\/\/hungphatfurniture.vn?action=yith-woocompare-add-product&#038;id=23238\"\r\n\t\tclass=\"compare button  \"\r\n\t\tdata-product_id=\"23238\"\r\n\t\ttarget=\"_self\"\r\n\t\trel=\"nofollow\"\r\n\t>\r\n\t\t\t\t<span class=\"label\">\r\n\t\t\tCompare\t\t<\/span>\r\n\t<\/a>\r\n<\/li><li class=\"wc-block-grid__product\">\n\t\t\t\t<a href=\"https:\/\/hungphatfurniture.vn\/?product=tu-giay-hien-dai-ms001\" class=\"wc-block-grid__product-link\">\n\t\t\t\t\t<div class=\"wc-block-grid__product-onsale\">\n\t\t\t<span aria-hidden=\"true\">Khuy\u1ebfn m\u1ea1i<\/span>\n\t\t\t<span class=\"screen-reader-text\">S\u1ea3n ph\u1ea9m \u0111ang gi\u1ea3m gi\u00e1<\/span>\n\t\t<\/div>\n\t\t\t\t\t<div class=\"wc-block-grid__product-image\"><img decoding=\"async\" width=\"300\" height=\"300\" src=\"https:\/\/hungphatfurniture.vn\/wp-content\/uploads\/2025\/04\/z7641180610844_2f0f7a7adad21c55c6d1e4bc9e9bec8b-300x300.jpg\" class=\"attachment-woocommerce_thumbnail size-woocommerce_thumbnail\" alt=\"T\u1ee7 Gi\u00e0y Hi\u1ec7n \u0110\u1ea1i MS001\" srcset=\"https:\/\/hungphatfurniture.vn\/wp-content\/uploads\/2025\/04\/z7641180610844_2f0f7a7adad21c55c6d1e4bc9e9bec8b-300x300.jpg 300w, https:\/\/hungphatfurniture.vn\/wp-content\/uploads\/2025\/04\/z7641180610844_2f0f7a7adad21c55c6d1e4bc9e9bec8b-150x150.jpg 150w, https:\/\/hungphatfurniture.vn\/wp-content\/uploads\/2025\/04\/z7641180610844_2f0f7a7adad21c55c6d1e4bc9e9bec8b-266x266.jpg 266w, https:\/\/hungphatfurniture.vn\/wp-content\/uploads\/2025\/04\/z7641180610844_2f0f7a7adad21c55c6d1e4bc9e9bec8b-600x600.jpg 600w, https:\/\/hungphatfurniture.vn\/wp-content\/uploads\/2025\/04\/z7641180610844_2f0f7a7adad21c55c6d1e4bc9e9bec8b-70x70.jpg 70w, https:\/\/hungphatfurniture.vn\/wp-content\/uploads\/2025\/04\/z7641180610844_2f0f7a7adad21c55c6d1e4bc9e9bec8b-180x180.jpg 180w\" sizes=\"(max-width: 300px) 100vw, 300px\" \/><\/div>\n\t\t\t\t\t<div class=\"wc-block-grid__product-title\">T\u1ee7 Gi\u00e0y Hi\u1ec7n \u0110\u1ea1i MS001<\/div>\n\t\t\t\t<\/a>\n\t\t\t\t<div class=\"wc-block-grid__product-price price\"><div class=\"product-price price \"><del aria-hidden=\"true\"><span class=\"woocommerce-Price-amount amount\"><span class=\"woocommerce-Price-currencySymbol\">&#8363;<\/span>2,300,000.00<\/span><\/del> <span class=\"screen-reader-text\">Gi\u00e1 g\u1ed1c l\u00e0: &#8363;2,300,000.00.<\/span><ins aria-hidden=\"true\"><span class=\"woocommerce-Price-amount amount\"><span class=\"woocommerce-Price-currencySymbol\">&#8363;<\/span>2,000,000.00<\/span><\/ins><span class=\"screen-reader-text\">Gi\u00e1 hi\u1ec7n t\u1ea1i l\u00e0: &#8363;2,000,000.00.<\/span><\/div><\/div>\n\t\t\t\t\n\t\t\t\t<div class=\"wp-block-button wc-block-grid__product-add-to-cart\"><a href=\"\/index.php?rest_route=%2Fwp%2Fv2%2Fpages%2F10&#038;add-to-cart=23237\" aria-label=\"Th\u00eam v\u00e0o gi\u1ecf h\u00e0ng: &ldquo;T\u1ee7 Gi\u00e0y Hi\u1ec7n \u0110\u1ea1i MS001&rdquo;\" data-quantity=\"1\" data-product_id=\"23237\" data-product_sku=\"PRO-10-3\" data-price=\"2000000\" rel=\"nofollow\" class=\"wp-block-button__link  add_to_cart_button ajax_add_to_cart\">Th\u00eam v\u00e0o gi\u1ecf h\u00e0ng<\/a><\/div>\n\t\t\t\t<a\r\n\t\thref=\"https:\/\/hungphatfurniture.vn?action=yith-woocompare-add-product&#038;id=23237\"\r\n\t\tclass=\"compare button  \"\r\n\t\tdata-product_id=\"23237\"\r\n\t\ttarget=\"_self\"\r\n\t\trel=\"nofollow\"\r\n\t>\r\n\t\t\t\t<span class=\"label\">\r\n\t\t\tCompare\t\t<\/span>\r\n\t<\/a>\r\n<\/li><li class=\"wc-block-grid__product\">\n\t\t\t\t<a href=\"https:\/\/hungphatfurniture.vn\/?product=ban-trang-diem-co-den-led-ms001\" class=\"wc-block-grid__product-link\">\n\t\t\t\t\t\n\t\t\t\t\t<div class=\"wc-block-grid__product-image\"><img decoding=\"async\" width=\"300\" height=\"300\" src=\"https:\/\/hungphatfurniture.vn\/wp-content\/uploads\/2025\/04\/z7641178276072_487acd2eae4054951c5635c94df891e2-300x300.jpg\" class=\"attachment-woocommerce_thumbnail size-woocommerce_thumbnail\" alt=\"B\u00c0N TRANG \u0110I\u1ec2M C\u00d3 \u0110\u00c8N LED MS001\" srcset=\"https:\/\/hungphatfurniture.vn\/wp-content\/uploads\/2025\/04\/z7641178276072_487acd2eae4054951c5635c94df891e2-300x300.jpg 300w, https:\/\/hungphatfurniture.vn\/wp-content\/uploads\/2025\/04\/z7641178276072_487acd2eae4054951c5635c94df891e2-150x150.jpg 150w, https:\/\/hungphatfurniture.vn\/wp-content\/uploads\/2025\/04\/z7641178276072_487acd2eae4054951c5635c94df891e2-266x266.jpg 266w, https:\/\/hungphatfurniture.vn\/wp-content\/uploads\/2025\/04\/z7641178276072_487acd2eae4054951c5635c94df891e2-600x600.jpg 600w, https:\/\/hungphatfurniture.vn\/wp-content\/uploads\/2025\/04\/z7641178276072_487acd2eae4054951c5635c94df891e2-70x70.jpg 70w, https:\/\/hungphatfurniture.vn\/wp-content\/uploads\/2025\/04\/z7641178276072_487acd2eae4054951c5635c94df891e2-180x180.jpg 180w\" sizes=\"(max-width: 300px) 100vw, 300px\" \/><\/div>\n\t\t\t\t\t<div class=\"wc-block-grid__product-title\">B\u00c0N TRANG \u0110I\u1ec2M C\u00d3 \u0110\u00c8N LED MS001<\/div>\n\t\t\t\t<\/a>\n\t\t\t\t<div class=\"wc-block-grid__product-price price\"><div class=\"product-price price \"><span class=\"woocommerce-Price-amount amount\"><span class=\"woocommerce-Price-currencySymbol\">&#8363;<\/span>1,500,000.00<\/span><\/div><\/div>\n\t\t\t\t\n\t\t\t\t<div class=\"wp-block-button wc-block-grid__product-add-to-cart\"><a href=\"\/index.php?rest_route=%2Fwp%2Fv2%2Fpages%2F10&#038;add-to-cart=23235\" aria-label=\"Th\u00eam v\u00e0o gi\u1ecf h\u00e0ng: &ldquo;B\u00c0N TRANG \u0110I\u1ec2M C\u00d3 \u0110\u00c8N LED MS001&rdquo;\" data-quantity=\"1\" data-product_id=\"23235\" data-product_sku=\"PRO-10-1\" data-price=\"1500000\" rel=\"nofollow\" class=\"wp-block-button__link  add_to_cart_button ajax_add_to_cart\">Th\u00eam v\u00e0o gi\u1ecf h\u00e0ng<\/a><\/div>\n\t\t\t\t<a\r\n\t\thref=\"https:\/\/hungphatfurniture.vn?action=yith-woocompare-add-product&#038;id=23235\"\r\n\t\tclass=\"compare button  \"\r\n\t\tdata-product_id=\"23235\"\r\n\t\ttarget=\"_self\"\r\n\t\trel=\"nofollow\"\r\n\t>\r\n\t\t\t\t<span class=\"label\">\r\n\t\t\tCompare\t\t<\/span>\r\n\t<\/a>\r\n<\/li><li class=\"wc-block-grid__product\">\n\t\t\t\t<a href=\"https:\/\/hungphatfurniture.vn\/?product=ke-tivi-hien-dai-ms001\" class=\"wc-block-grid__product-link\">\n\t\t\t\t\t<div class=\"wc-block-grid__product-onsale\">\n\t\t\t<span aria-hidden=\"true\">Khuy\u1ebfn m\u1ea1i<\/span>\n\t\t\t<span class=\"screen-reader-text\">S\u1ea3n ph\u1ea9m \u0111ang gi\u1ea3m gi\u00e1<\/span>\n\t\t<\/div>\n\t\t\t\t\t<div class=\"wc-block-grid__product-image\"><img loading=\"lazy\" decoding=\"async\" width=\"300\" height=\"300\" src=\"https:\/\/hungphatfurniture.vn\/wp-content\/uploads\/2025\/04\/z7641176302533_fcc08afa83867f54264445a5a0b012eb-300x300.jpg\" class=\"attachment-woocommerce_thumbnail size-woocommerce_thumbnail\" alt=\"K\u1ec7 Tivi Hi\u1ec7n \u0110\u1ea1i MS001\" srcset=\"https:\/\/hungphatfurniture.vn\/wp-content\/uploads\/2025\/04\/z7641176302533_fcc08afa83867f54264445a5a0b012eb-300x300.jpg 300w, https:\/\/hungphatfurniture.vn\/wp-content\/uploads\/2025\/04\/z7641176302533_fcc08afa83867f54264445a5a0b012eb-150x150.jpg 150w, https:\/\/hungphatfurniture.vn\/wp-content\/uploads\/2025\/04\/z7641176302533_fcc08afa83867f54264445a5a0b012eb-266x266.jpg 266w, https:\/\/hungphatfurniture.vn\/wp-content\/uploads\/2025\/04\/z7641176302533_fcc08afa83867f54264445a5a0b012eb-600x600.jpg 600w, https:\/\/hungphatfurniture.vn\/wp-content\/uploads\/2025\/04\/z7641176302533_fcc08afa83867f54264445a5a0b012eb-70x70.jpg 70w, https:\/\/hungphatfurniture.vn\/wp-content\/uploads\/2025\/04\/z7641176302533_fcc08afa83867f54264445a5a0b012eb-180x180.jpg 180w\" sizes=\"(max-width: 300px) 100vw, 300px\" \/><\/div>\n\t\t\t\t\t<div class=\"wc-block-grid__product-title\">K\u1ec7 Tivi Hi\u1ec7n \u0110\u1ea1i MS001<\/div>\n\t\t\t\t<\/a>\n\t\t\t\t<div class=\"wc-block-grid__product-price price\"><div class=\"product-price price \"><del aria-hidden=\"true\"><span class=\"woocommerce-Price-amount amount\"><span class=\"woocommerce-Price-currencySymbol\">&#8363;<\/span>4,300,000.00<\/span><\/del> <span class=\"screen-reader-text\">Gi\u00e1 g\u1ed1c l\u00e0: &#8363;4,300,000.00.<\/span><ins aria-hidden=\"true\"><span class=\"woocommerce-Price-amount amount\"><span class=\"woocommerce-Price-currencySymbol\">&#8363;<\/span>3,900,000.00<\/span><\/ins><span class=\"screen-reader-text\">Gi\u00e1 hi\u1ec7n t\u1ea1i l\u00e0: &#8363;3,900,000.00.<\/span><\/div><\/div>\n\t\t\t\t\n\t\t\t\t<div class=\"wp-block-button wc-block-grid__product-add-to-cart\"><a href=\"\/index.php?rest_route=%2Fwp%2Fv2%2Fpages%2F10&#038;add-to-cart=23223\" aria-label=\"Th\u00eam v\u00e0o gi\u1ecf h\u00e0ng: &ldquo;K\u1ec7 Tivi Hi\u1ec7n \u0110\u1ea1i MS001&rdquo;\" data-quantity=\"1\" data-product_id=\"23223\" data-product_sku=\"PRO-10\" data-price=\"3900000\" rel=\"nofollow\" class=\"wp-block-button__link  add_to_cart_button ajax_add_to_cart\">Th\u00eam v\u00e0o gi\u1ecf h\u00e0ng<\/a><\/div>\n\t\t\t\t<a\r\n\t\thref=\"https:\/\/hungphatfurniture.vn?action=yith-woocompare-add-product&#038;id=23223\"\r\n\t\tclass=\"compare button  \"\r\n\t\tdata-product_id=\"23223\"\r\n\t\ttarget=\"_self\"\r\n\t\trel=\"nofollow\"\r\n\t>\r\n\t\t\t\t<span class=\"label\">\r\n\t\t\tCompare\t\t<\/span>\r\n\t<\/a>\r\n<\/li><\/ul><\/div><\/div>\n<\/div>\n","protected":false},"excerpt":{"rendered":"","protected":false},"author":1,"featured_media":0,"parent":0,"menu_order":0,"comment_status":"closed","ping_status":"closed","template":"","meta":{"footnotes":""},"class_list":["post-10","page","type-page","status-publish","hentry"],"_links":{"self":[{"href":"https:\/\/hungphatfurniture.vn\/index.php?rest_route=\/wp\/v2\/pages\/10","targetHints":{"allow":["GET"]}}],"collection":[{"href":"https:\/\/hungphatfurniture.vn\/index.php?rest_route=\/wp\/v2\/pages"}],"about":[{"href":"https:\/\/hungphatfurniture.vn\/index.php?rest_route=\/wp\/v2\/types\/page"}],"author":[{"embeddable":true,"href":"https:\/\/hungphatfurniture.vn\/index.php?rest_route=\/wp\/v2\/users\/1"}],"replies":[{"embeddable":true,"href":"https:\/\/hungphatfurniture.vn\/index.php?rest_route=%2Fwp%2Fv2%2Fcomments&post=10"}],"version-history":[{"count":1,"href":"https:\/\/hungphatfurniture.vn\/index.php?rest_route=\/wp\/v2\/pages\/10\/revisions"}],"predecessor-version":[{"id":23749,"href":"https:\/\/hungphatfurniture.vn\/index.php?rest_route=\/wp\/v2\/pages\/10\/revisions\/23749"}],"wp:attachment":[{"href":"https:\/\/hungphatfurniture.vn\/index.php?rest_route=%2Fwp%2Fv2%2Fmedia&parent=10"}],"curies":[{"name":"wp","href":"https:\/\/api.w.org\/{rel}","templated":true}]}}