{"id":21068,"date":"2025-01-03T07:21:09","date_gmt":"2025-01-03T07:21:09","guid":{"rendered":"https:\/\/kizu.bzotech.com\/?post_type=product&#038;p=21068"},"modified":"2026-03-25T20:45:57","modified_gmt":"2026-03-25T13:45:57","slug":"tu-bep-hien-dai-ms001","status":"publish","type":"product","link":"https:\/\/hungphatfurniture.vn\/?product=tu-bep-hien-dai-ms001","title":{"rendered":"T\u1ee7 B\u1ebfp Hi\u1ec7n \u0110\u1ea1i MS001"},"content":{"rendered":"<p data-path-to-node=\"8\"><b data-path-to-node=\"8\" data-index-in-node=\"0\">Bi\u1ebfn c\u0103n b\u1ebfp th\u00e0nh tr\u00e1i tim c\u1ee7a ng\u00f4i nh\u00e0<\/b> M\u1eabu t\u1ee7 b\u1ebfp MS001 \u0111\u01b0\u1ee3c N\u1ed9i Th\u1ea5t H\u01b0ng Ph\u00e1t \u0111o \u0111\u1ea1c v\u00e0 thi c\u00f4ng t\u1ec9 m\u1ec9, t\u1eadp trung v\u00e0o vi\u1ec7c t\u1ed1i \u01b0u h\u00f3a tam gi\u00e1c c\u00f4ng n\u0103ng (B\u1ebfp n\u1ea5u &#8211; Ch\u1eadu r\u1eeda &#8211; T\u1ee7 l\u1ea1nh), gi\u00fap ng\u01b0\u1eddi n\u1ed9i tr\u1ee3 di chuy\u1ec3n thu\u1eadn ti\u1ec7n nh\u1ea5t trong qu\u00e1 tr\u00ecnh n\u1ea5u n\u01b0\u1edbng.<\/p>\n<p data-path-to-node=\"9\"><b data-path-to-node=\"9\" data-index-in-node=\"0\">\u0110i\u1ec3m n\u1ed5i b\u1eadt c\u1ee7a s\u1ea3n ph\u1ea9m:<\/b><\/p>\n<ul data-path-to-node=\"10\">\n<li>\n<p data-path-to-node=\"10,0,0\"><b data-path-to-node=\"10,0,0\" data-index-in-node=\"0\">Thi\u1ebft k\u1ebf ch\u1eef L k\u1ecbch tr\u1ea7n:<\/b> T\u1eadn d\u1ee5ng t\u1ed1i \u0111a kh\u00f4ng gian g\u00f3c v\u00e0 chi\u1ec1u cao c\u1ee7a c\u0103n ph\u00f2ng, lo\u1ea1i b\u1ecf ho\u00e0n to\u00e0n b\u1ee5i b\u1ea9n b\u00e1m tr\u00ean n\u00f3c t\u1ee7 v\u00e0 t\u0103ng di\u1ec7n t\u00edch l\u01b0u tr\u1eef g\u1ea5p \u0111\u00f4i.<\/p>\n<\/li>\n<li>\n<p data-path-to-node=\"10,1,0\"><b data-path-to-node=\"10,1,0\" data-index-in-node=\"0\">Ch\u1ea5t li\u1ec7u cao c\u1ea5p:<\/b> * <b data-path-to-node=\"10,1,0\" data-index-in-node=\"21\">T\u1ee7 tr\u00ean:<\/b> S\u1eed d\u1ee5ng c\u00e1nh Acrylic b\u00f3ng g\u01b0\u01a1ng t\u00f4ng s\u00e1ng, gi\u00fap ph\u1ea3n chi\u1ebfu \u00e1nh s\u00e1ng t\u1ef1 nhi\u00ean, t\u1ea1o c\u1ea3m gi\u00e1c c\u0103n b\u1ebfp r\u1ed9ng v\u00e0 tho\u00e1ng h\u01a1n.<\/p>\n<ul data-path-to-node=\"10,1,1\">\n<li>\n<p data-path-to-node=\"10,1,1,0,0\"><b data-path-to-node=\"10,1,1,0,0\" data-index-in-node=\"0\">T\u1ee7 d\u01b0\u1edbi:<\/b> S\u1eed d\u1ee5ng g\u1ed7 MDF c\u1ed1t xanh ch\u1ed1ng \u1ea9m ph\u1ee7 Melamine v\u00e2n g\u1ed7 sang tr\u1ecdng, b\u1ec1n b\u1ec9 v\u00e0 d\u1ec5 d\u00e0ng v\u1ec7 sinh c\u00e1c v\u1ebft d\u1ea7u m\u1ee1.<\/p>\n<\/li>\n<\/ul>\n<\/li>\n<li>\n<p data-path-to-node=\"10,2,0\"><b data-path-to-node=\"10,2,0\" data-index-in-node=\"0\">K\u00ednh \u1ed1p b\u1ebfp &amp; M\u1eb7t \u0111\u00e1:<\/b> S\u1ef1 k\u1ebft h\u1ee3p gi\u1eefa m\u1eb7t \u0111\u00e1 b\u1ebfp cao c\u1ea5p v\u00e0 k\u00ednh c\u01b0\u1eddng l\u1ef1c \u1ed1p t\u01b0\u1eddng gi\u00fap kh\u00f4ng gian lu\u00f4n s\u1ea1ch s\u1ebd, hi\u1ec7n \u0111\u1ea1i v\u00e0 c\u1ef1c k\u1ef3 d\u1ec5 lau ch\u00f9i.<\/p>\n<\/li>\n<li>\n<p data-path-to-node=\"10,3,0\"><b data-path-to-node=\"10,3,0\" data-index-in-node=\"0\">Ph\u1ee5 ki\u1ec7n th\u00f4ng minh:<\/b> T\u00edch h\u1ee3p \u0111\u1ea7y \u0111\u1ee7 gi\u00e1 b\u00e1t n\u00e2ng h\u1ea1, k\u1ec7 xoong n\u1ed3i, gi\u00e1 gia v\u1ecb v\u00e0 h\u1ec7 th\u1ed1ng b\u1ea3n l\u1ec1 gi\u1ea3m ch\u1ea5n, ray tr\u01b0\u1ee3t \u00eam \u00e1i.<\/p>\n<\/li>\n<li>\n<p data-path-to-node=\"10,4,0\"><b data-path-to-node=\"10,4,0\" data-index-in-node=\"0\">Khoang ch\u1ee9a thi\u1ebft b\u1ecb chuy\u00ean d\u1ee5ng:<\/b> \u0110\u01b0\u1ee3c thi\u1ebft k\u1ebf s\u1eb5n v\u1ecb tr\u00ed cho l\u00f2 vi s\u00f3ng, m\u00e1y h\u00fat m\u00f9i v\u00e0 t\u1ee7 l\u1ea1nh m\u1ed9t c\u00e1ch g\u1ecdn g\u00e0ng, v\u1eeba v\u1eb7n.<\/p>\n<\/li>\n<\/ul>\n<p data-path-to-node=\"11\"><b data-path-to-node=\"11\" data-index-in-node=\"0\">Th\u00f4ng s\u1ed1 k\u1ef9 thu\u1eadt:<\/b><\/p>\n<ul data-path-to-node=\"12\">\n<li>\n<p data-path-to-node=\"12,0,0\"><b data-path-to-node=\"12,0,0\" data-index-in-node=\"0\">M\u00e3 s\u1ea3n ph\u1ea9m:<\/b> MS001<\/p>\n<\/li>\n<li>\n<p data-path-to-node=\"12,1,0\"><b data-path-to-node=\"12,1,0\" data-index-in-node=\"0\">Ch\u1ea5t li\u1ec7u:<\/b> G\u1ed7 MDF c\u1ed1t xanh ch\u1ed1ng \u1ea9m chu\u1ea9n Th\u00e1i Lan.<\/p>\n<\/li>\n<li>\n<p data-path-to-node=\"12,2,0\"><b data-path-to-node=\"12,2,0\" data-index-in-node=\"0\">K\u00edch th\u01b0\u1edbc:<\/b> May \u0111o th\u1ef1c t\u1ebf theo m\u1eb7t b\u1eb1ng c\u1ee7a kh\u00e1ch h\u00e0ng.<\/p>\n<\/li>\n<li>\n<p data-path-to-node=\"12,3,0\"><b data-path-to-node=\"12,3,0\" data-index-in-node=\"0\">M\u00e0u s\u1eafc:<\/b> Ph\u1ed1i m\u00e0u theo y\u00eau c\u1ea7u (H\u01a1n 100 m\u1eabu v\u00e2n g\u1ed7 v\u00e0 m\u00e0u Acrylic).<\/p>\n<\/li>\n<li>\n<p data-path-to-node=\"12,4,0\"><b data-path-to-node=\"12,4,0\" data-index-in-node=\"0\">Th\u1eddi gian thi c\u00f4ng:<\/b> 7 &#8211; 10 ng\u00e0y.<\/p>\n<\/li>\n<\/ul>\n","protected":false},"excerpt":{"rendered":"<p><b data-path-to-node=\"4,0\" data-index-in-node=\"0\">S\u1ef1 k\u1ebft h\u1ee3p ho\u00e0n m\u1ef9 gi\u1eefa c\u00f4ng n\u0103ng v\u00e0 th\u1ea9m m\u1ef9.<\/b><\/p>\n<p>S\u1edf h\u1eefu thi\u1ebft k\u1ebf ch\u1eef L tinh t\u1ebf, m\u1eabu t\u1ee7 b\u1ebfp MS001 s\u1eed d\u1ee5ng ch\u1ea5t li\u1ec7u Acrylic b\u00f3ng g\u01b0\u01a1ng sang tr\u1ecdng k\u1ebft h\u1ee3p c\u00f9ng v\u00e2n g\u1ed7 \u1ea5m \u00e1p. \u0110\u00e2y l\u00e0 gi\u1ea3i ph\u00e1p ho\u00e0n h\u1ea3o gi\u00fap c\u0103n b\u1ebfp tr\u1edf n\u00ean r\u1ed9ng r\u00e3i, hi\u1ec7n \u0111\u1ea1i v\u00e0 kh\u01a1i ngu\u1ed3n c\u1ea3m h\u1ee9ng n\u1ea5u n\u01b0\u1edbng cho m\u1ecdi gia \u0111\u00ecnh.<\/p>\n","protected":false},"featured_media":23775,"comment_status":"open","ping_status":"closed","template":"","meta":[],"product_brand":[32],"product_cat":[37,35,46,39],"product_tag":[],"class_list":{"0":"post-21068","1":"product","2":"type-product","3":"status-publish","4":"has-post-thumbnail","6":"product_brand-ecoshop","7":"product_cat-giuong","8":"product_cat-ke-tivi","9":"product_cat-tu-bep","10":"product_cat-tu-giay","12":"first","13":"instock","14":"sale","15":"shipping-taxable","16":"purchasable","17":"product-type-simple"},"_links":{"self":[{"href":"https:\/\/hungphatfurniture.vn\/index.php?rest_route=\/wp\/v2\/product\/21068","targetHints":{"allow":["GET"]}}],"collection":[{"href":"https:\/\/hungphatfurniture.vn\/index.php?rest_route=\/wp\/v2\/product"}],"about":[{"href":"https:\/\/hungphatfurniture.vn\/index.php?rest_route=\/wp\/v2\/types\/product"}],"replies":[{"embeddable":true,"href":"https:\/\/hungphatfurniture.vn\/index.php?rest_route=%2Fwp%2Fv2%2Fcomments&post=21068"}],"version-history":[{"count":3,"href":"https:\/\/hungphatfurniture.vn\/index.php?rest_route=\/wp\/v2\/product\/21068\/revisions"}],"predecessor-version":[{"id":23780,"href":"https:\/\/hungphatfurniture.vn\/index.php?rest_route=\/wp\/v2\/product\/21068\/revisions\/23780"}],"wp:featuredmedia":[{"embeddable":true,"href":"https:\/\/hungphatfurniture.vn\/index.php?rest_route=\/wp\/v2\/media\/23775"}],"wp:attachment":[{"href":"https:\/\/hungphatfurniture.vn\/index.php?rest_route=%2Fwp%2Fv2%2Fmedia&parent=21068"}],"wp:term":[{"taxonomy":"product_brand","embeddable":true,"href":"https:\/\/hungphatfurniture.vn\/index.php?rest_route=%2Fwp%2Fv2%2Fproduct_brand&post=21068"},{"taxonomy":"product_cat","embeddable":true,"href":"https:\/\/hungphatfurniture.vn\/index.php?rest_route=%2Fwp%2Fv2%2Fproduct_cat&post=21068"},{"taxonomy":"product_tag","embeddable":true,"href":"https:\/\/hungphatfurniture.vn\/index.php?rest_route=%2Fwp%2Fv2%2Fproduct_tag&post=21068"}],"curies":[{"name":"wp","href":"https:\/\/api.w.org\/{rel}","templated":true}]}}